{"id":11412,"date":"2016-12-05T16:27:47","date_gmt":"2016-12-05T16:27:47","guid":{"rendered":"https:\/\/nex.vamtam.com\/?page_id=11412"},"modified":"2022-02-17T14:00:16","modified_gmt":"2022-02-17T14:00:16","slug":"contact","status":"publish","type":"page","link":"https:\/\/www.mobils.lt\/index.php\/contact\/","title":{"rendered":"Contacts"},"content":{"rendered":"<div class=\"vgblk-rw-wrapper limit-wrapper\">\n\n\t\t<iframe src=\"https:\/\/maps.google.com\/maps?q=Lauryno+Ivinskio+g.+2%2C+Vinginink%C5%B3+k.%2C+LT-75113+%C5%A0ilal%C4%97s+r.&#038;iwloc=near&#038;output=embed\" height=\"480\" frameborder=\"0\"><\/iframe>\n\t<h2>Kontaktai<\/h2>\n<h4>\n\t+370 698 44975\n\t<\/h4>\n\t<p>Audrius Lokcikas, Direktorius<\/p>\n<h4>\n\tDarbo laikas\n\t<\/h4>\n\t<p>I &#8211; IV:\u00a0 9:00 &#8211; 19:00 \/ VI &#8211; VII: Nedirbame<\/p>\n<h4>\n\tAdresas\n\t<\/h4>\n\t<p>Lauryno Ivinskio g. 2, Vinginink\u0173 k., LT-75113 \u0160ilal\u0117s r.<\/p>\n<h3>\n\t\tSusisiekite su mumis\n\t<\/h3>\n\n<\/div><!-- .vgblk-rw-wrapper -->","protected":false},"excerpt":{"rendered":"<p>Kontaktai +370 698 44975 Audrius Lokcikas, Direktorius Darbo laikas I &#8211; IV:\u00a0 9:00 &#8211; 19:00 \/ VI &#8211; VII: Nedirbame Adresas Lauryno Ivinskio g. 2, Vinginink\u0173 k., LT-75113 \u0160ilal\u0117s r. Susisiekite su mumis<\/p>\n","protected":false},"author":1,"featured_media":0,"parent":0,"menu_order":0,"comment_status":"closed","ping_status":"closed","template":"","meta":[],"jetpack_sharing_enabled":true,"_links":{"self":[{"href":"https:\/\/www.mobils.lt\/index.php\/wp-json\/wp\/v2\/pages\/11412"}],"collection":[{"href":"https:\/\/www.mobils.lt\/index.php\/wp-json\/wp\/v2\/pages"}],"about":[{"href":"https:\/\/www.mobils.lt\/index.php\/wp-json\/wp\/v2\/types\/page"}],"author":[{"embeddable":true,"href":"https:\/\/www.mobils.lt\/index.php\/wp-json\/wp\/v2\/users\/1"}],"replies":[{"embeddable":true,"href":"https:\/\/www.mobils.lt\/index.php\/wp-json\/wp\/v2\/comments?post=11412"}],"version-history":[{"count":3,"href":"https:\/\/www.mobils.lt\/index.php\/wp-json\/wp\/v2\/pages\/11412\/revisions"}],"predecessor-version":[{"id":987906,"href":"https:\/\/www.mobils.lt\/index.php\/wp-json\/wp\/v2\/pages\/11412\/revisions\/987906"}],"wp:attachment":[{"href":"https:\/\/www.mobils.lt\/index.php\/wp-json\/wp\/v2\/media?parent=11412"}],"curies":[{"name":"wp","href":"https:\/\/api.w.org\/{rel}","templated":true}]}}